. What is the highest common factor of j and s?
6
Let q = -1 + 11. Suppose -3*t + 23 + 22 = 0. What is the highest common factor of q and t?
5
Let r(s) be the third derivative of s**5/60 + s**4/8 - s**3/3 + 5*s**2. Let x be r(-4). What is the highest common factor of x and 6?
2
Suppose 2*r - 2*j = 76, 5*r - 2*j = -3*j + 214. Calculate the greatest common divisor of r and 28.
14
Let v(d) be the second derivative of -d**3/3 + 13*d**2/2 + 5*d. Let m be v(-10). What is the greatest common divisor of 3 and m?
3
Suppose 23*v = 130 + 123. What is the highest common factor of v and 55?
11
Suppose 0*i = 2*i - 8. Suppose -i*d = -3*d + 5*x - 86, -2*d + 166 = 4*x. Calculate the highest common factor of d and 9.
9
Suppose 70 = -a + 6*a. What is the highest common factor of a and 28?
14
Let m(b) = -b + 1. Let u = -2 - 0. Let h be m(u). Suppose -h*t = t - 240. Calculate the highest common divisor of 12 and t.
12
Suppose 0 = -4*a + 67 - 19. Suppose 5*c = -3*p - 580, 0*c - 116 = c + 3*p. Let v = c + 164. Calculate the highest common divisor of a and v.
12
Let x(h) = 2*h**2 - 18*h. Let w be x(12). Calculate the highest common factor of 9 and w.
9
Suppose -2*s = 6, -11 = 3*w - 2*s - 56. What is the highest common factor of w and 104?
13
Let g(z) = -z**3 + 7*z**2 - 3*z - 8. Let m(p) = -5*p + 5*p + p**2 - p. Let t be m(3). Let a be g(t). Calculate the highest common factor of a and 15.
5
Suppose 3*t = 5*m - 41 - 46, 0 = 3*m + 4*t - 29. Calculate the highest common divisor of m and 20.
5
Suppose 0 = 4*z - 203 - 121. Suppose 0 = -61*c + 60*c + 27. Calculate the highest common factor of z and c.
27
Let y(s) = -s - 4. Let g be y(5). Let u be (g - -2)/(-1 + 0). What is the highest common divisor of 28 and u?
7
Let p = 4 + 1. Let a = p + -2. Suppose -a*y - 2*y = -95. Calculate the highest common factor of 171 and y.
19
Suppose 5*n = 2*j - 26 - 0, j - 22 = -2*n. Calculate the greatest common divisor of 126 and j.
18
Let w(t) = -t. Let o be w(0). Suppose o = 3*j - 0*j - 24. Suppose -6*f - 100 = -j*f. Calculate the highest common factor of 5 and f.
5
Let z be ((1 - -1)/2)/(9/180). Let j be 4/10 + (-506)/(-10). Let w be (-2)/(1 + 1) + j. Calculate the greatest common divisor of z and w.
10
Suppose -3*y - 3*c = -909, -3*c + 4 + 2 = 0. Suppose 4*w - y = -61. Suppose 60 = 3*r - 60. What is the highest common factor of w and r?
20
Let d(w) = w**2 - w - 5. Suppose 7 + 5 = 3*c. Let h be d(c). Suppose -5*t + 63 = -h. Calculate the highest common divisor of 70 and t.
14
Suppose 4 = 2*d + 2*d. Let f(w) = 2*w + 6*w**3 - w + 0*w**3 - 2*w. Let j be f(d). What is the greatest common divisor of 5 and j?
5
Suppose 5*d = t - 27, 4*t = d + 2*d + 108. Calculate the greatest common divisor of 3 and t.
3
Suppose -5*v + 2*v + 23 = 4*k, -5*k + 27 = 2*v. Suppose -k*m - 43 = 142. Let i = m + 55. Calculate the greatest common divisor of 9 and i.
9
Let f be (180/70)/(((-3)/252)/(-1)). Calculate the highest common divisor of 27 and f.
27
Let j be 2/(-3) + (-48)/(-18). Suppose j*u = -u + 9. Suppose -21 = -u*n - 3*h, 0*n - 2*n + 19 = 3*h. Calculate the greatest common divisor of 14 and n.
2
Let i = -31 + 33. Calculate the highest common divisor of i and 3.
1
Suppose -5*x = v - 49, -5*v + 3*x - 5*x = -130. What is the highest common divisor of 32 and v?
8
Let h = 112 - -20. Suppose -j - 2*j = -h. Suppose 0 = 2*g - 20 - j. Calculate the greatest common divisor of 48 and g.
16
Let f = 140 - 207. Let g be 102 - (0 - (-2)/(-2)). Let s = g + f. What is the greatest common factor of s and 12?
12
Suppose r + 0*r = 11. What is the greatest common factor of 11 and r?
11
Suppose -54 = -6*z - 0*z. What is the greatest common factor of z and 18?
9
Let o = 2 - -7. Let p(k) = 251*k - 1. Let i be p(1). Let f be i/4 - (-3)/6. What is the greatest common factor of f and o?
9
Let f = 9 - -3. Calculate the greatest common factor of 96 and f.
12
Suppose -83 - 9 = -4*c. Calculate the highest common divisor of 46 and c.
23
Let t(p) = p**3 - 7*p**2 + 8*p - 3. Let r be t(6). Suppose 2 = -m + 2*m. Suppose -m*w + 21 = -15. What is the highest common divisor of r and w?
9
Let o = 0 + 21. Let u = -8 - -15. Calculate the greatest common factor of o and u.
7
Let f be 2 - (-4 + -26 + 0). What is the highest common divisor of f and 48?
16
Let b(p) = 2*p**2 + 17*p - 16. Let v be b(-17). Calculate the highest common factor of v and 21.
21
Let c = 5 - 43. Let n be (-6)/(-9) + c/(-6). Calculate the greatest common divisor of n and 1.
1
Let z = -7 + 7. Suppose 4*p + n - 79 - 458 = z, n + 408 = 3*p. What is the greatest common factor of 15 and p?
15
Let p = -19 - 4. Suppose -411 = 3*a - 3*w, -3*a + 4*w + 0*w - 415 = 0. Let u = p - a. What is the highest common divisor of 10 and u?
10
Suppose 4*t = -5*c + 361, -7*t + 2*t - 5*c + 445 = 0. Calculate the greatest common factor of 126 and t.
42
Let l = 689 + -306. Let n = -251 + l. What is the highest common factor of 12 and n?
12
Let k(b) = -2*b + 1. Let s be k(-5). Let v be s + (0/3 - 2). Calculate the greatest common divisor of 63 and v.
9
Suppose 12 = 4*y, 0 = -5*t - y - 3*y + 42. Calculate the highest common factor of 12 and t.
6
Let v = 59 - 38. Suppose t = -0*t + 21. What is the highest common divisor of t and v?
21
Suppose 0 = -2*o + o. Let r be ((-8)/7)/((-14)/49). Suppose o = -r*g + u + 37, 0 = 2*g - 3*u - u - 36. What is the greatest common divisor of g and 1?
1
Let w be 1/(-1 - 36/(-37)). Let k be -14*(18/4)/(-1). Let v = k + w. Calculate the highest common factor of 65 and v.
13
Let k = -3 - -1. Let z be (-3 - k) + 2 - -34. What is the highest common divisor of 5 and z?
5
Suppose 0 = 3*v + 3, 0*v = -2*y - 5*v + 79. Suppose 2*t - 17 = -5. What is the highest common divisor of t and y?
6
Let q(p) be the first derivative of p**4/4 + p**3 - p**2/2 + 2*p - 3. Let m be q(-5). Let o = m + 76. What is the greatest common factor of 11 and o?
11
Let l = 109 + -49. Let k = 6 + 3. Let g be 18/2*15/k. What is the greatest common factor of g and l?
15
Let q = 23 + -16. Suppose 0 = 2*j - q - 9. Suppose 96 = 3*t + t. Calculate the highest common divisor of t and j.
8
Suppose -4*k - 5*v = -2*v - 11, k = -4*v + 6. Suppose -5*g + 57 = 7. What is the greatest common divisor of g and k?
2
Let i = -12 - -24. Let f be 12 + -1 + 5/5. What is the highest common divisor of i and f?
12
Let o(m) = 21*m**2 - m. Let l be o(1). What is the greatest common factor of 50 and l?
10
Suppose 2*d + 8 = 4*d. Suppose -5 = d*z + 15, 41 = 2*a - 5*z. Calculate the greatest common divisor of 8 and a.
8
Let y(m) = -17*m + 24. Let n be y(-3). What is the greatest common divisor of n and 50?
25
Let t(w) = -w**3 + 14*w**2 - 14*w + 18. Let r be t(13). Suppose -r*f + 5*y - 3*y = -130, 0 = 3*f - 4*y - 92. What is the highest common divisor of f and 48?
24
Suppose 0 = 22*w - 20*w - 8. Calculate the greatest common divisor of 44 and w.
4
Suppose 10 = 4*x - 9*x, -3*x + 12 = 3*f. Calculate the highest common divisor of 2 and f.
2
Suppose -5*p = -67 + 17. Let y = 125 - 115. Calculate the greatest common divisor of p and y.
10
Let i be (-2*(0 + 19))/(-2). Suppose h + 2*k - i = -k, h - 23 = -k. What is the greatest common divisor of h and 5?
5
Suppose 15 = 3*h + n + n, -2*h + 3*n - 3 = 0. Let v = 9 + -5. Suppose -2*c + 11 = -v*o - h, o = -4*c + 10. Calculate the greatest common divisor of 12 and c.
3
Let c be (18/(-8))/((-9)/36). Let f(j) = 2*j**2 + j + 13. Let k be f(c). Let b = -32 + 55. Calculate the highest common divisor of b and k.
23
Let a be ((-21)/(-28))/((-1)/(-12)). Let v be a/(1/(-1)*-1). Suppose -v = -p - l, -3*l - l = -3*p + 20. Calculate the highest common factor of p and 32.
8
Let q(x) = x**3 + 6*x**2 - 6*x - 11. Let h be q(-6). What is the greatest common divisor of 200 and h?
25
Let c be -1 - 1/2*-2. Let g be -3 + c - 0 - -3. Suppose g = j - 5*j + 448. Calculate the greatest common factor of j and 16.
16
Suppose -7*u + 60 = -4*u. What is the highest common factor of 10 and u?
10
Let c(f) = 10*f - 2. Let w be c(-2). Let t = 31 + w. Suppose -21 + 66 = 5*u. What is the highest common factor of u and t?
9
Let a be (-22)/4*(-3 - -1). Suppose 5*d = -s + a, -4*s - 2*d + 7 = -37. What is the greatest common divisor of 110 and s?
11
Let w = -36 - -51. Let q(x) = -14*x - 9. Let j be q(-6). What is the highest common divisor of